{"id":23,"date":"2021-03-22T09:48:54","date_gmt":"2021-03-22T08:48:54","guid":{"rendered":"https:\/\/selfeesorbonne.wordpress.com\/?page_id=9"},"modified":"2022-02-23T10:45:27","modified_gmt":"2022-02-23T10:45:27","slug":"about","status":"publish","type":"page","link":"https:\/\/selfee-sorbonne.fr\/lettres\/about\/","title":{"rendered":"\u00c0 propos"},"content":{"rendered":"\n<div style=\"height:20px\" aria-hidden=\"true\" class=\"wp-block-spacer\"><\/div>\n\n\n\n<div class=\"is-layout-flow wp-block-group alignfull\"><div class=\"wp-block-group__inner-container\">\n<div class=\"wp-block-jetpack-layout-grid alignfull column1-desktop-grid__span-3 column1-desktop-grid__start-2 column1-desktop-grid__row-1 column2-desktop-grid__span-6 column2-desktop-grid__start-6 column2-desktop-grid__row-1 column1-tablet-grid__span-3 column1-tablet-grid__row-1 column2-tablet-grid__span-5 column2-tablet-grid__start-4 column2-tablet-grid__row-1 column1-mobile-grid__span-4 column1-mobile-grid__row-1 column2-mobile-grid__span-4 column2-mobile-grid__row-2\">\n<div class=\"wp-block-jetpack-layout-grid-column wp-block-jetpack-layout-grid__padding-none\"><\/div>\n\n\n\n<div class=\"wp-block-jetpack-layout-grid-column wp-block-jetpack-layout-grid__padding-none\">\n<h2>Le SELFEE-Sorbonne.<\/h2>\n\n\n\n<p>Le SELFEE-Sorbonne Universit\u00e9 est pionnier dans l\u2019\u00e9laboration des certifications de langue et de civilisation fran\u00e7aises destin\u00e9es \u00e0 un public international. Il dispense deux types de certifications&nbsp;FLE :<strong>&nbsp;Certifications SELFEE-Sorbonne<\/strong>&nbsp;et&nbsp;<strong>DELF-DALF<\/strong>.<\/p>\n<\/div>\n<\/div>\n<\/div><\/div>\n","protected":false},"excerpt":{"rendered":"<p>Le SELFEE-Sorbonne. Le SELFEE-Sorbonne Universit\u00e9 est pionnier dans l\u2019\u00e9laboration des certifications de langue et de civilisation fran\u00e7aises destin\u00e9es \u00e0 un public international. Il dispense deux types de certifications&nbsp;FLE :&nbsp;Certifications SELFEE-Sorbonne&nbsp;et&nbsp;DELF-DALF.<\/p>\n","protected":false},"author":1,"featured_media":0,"parent":0,"menu_order":0,"comment_status":"closed","ping_status":"closed","template":"","meta":[],"_links":{"self":[{"href":"https:\/\/selfee-sorbonne.fr\/lettres\/wp-json\/wp\/v2\/pages\/23"}],"collection":[{"href":"https:\/\/selfee-sorbonne.fr\/lettres\/wp-json\/wp\/v2\/pages"}],"about":[{"href":"https:\/\/selfee-sorbonne.fr\/lettres\/wp-json\/wp\/v2\/types\/page"}],"author":[{"embeddable":true,"href":"https:\/\/selfee-sorbonne.fr\/lettres\/wp-json\/wp\/v2\/users\/1"}],"replies":[{"embeddable":true,"href":"https:\/\/selfee-sorbonne.fr\/lettres\/wp-json\/wp\/v2\/comments?post=23"}],"version-history":[{"count":5,"href":"https:\/\/selfee-sorbonne.fr\/lettres\/wp-json\/wp\/v2\/pages\/23\/revisions"}],"predecessor-version":[{"id":245,"href":"https:\/\/selfee-sorbonne.fr\/lettres\/wp-json\/wp\/v2\/pages\/23\/revisions\/245"}],"wp:attachment":[{"href":"https:\/\/selfee-sorbonne.fr\/lettres\/wp-json\/wp\/v2\/media?parent=23"}],"curies":[{"name":"wp","href":"https:\/\/api.w.org\/{rel}","templated":true}]}}